der when 92213 is divided by 282?
281
Calculate the remainder when 284016 is divided by 25819.
7
Calculate the remainder when 444 is divided by 9.
3
What is the remainder when 102619 is divided by 17?
7
What is the remainder when 11881 is divided by 208?
25
Calculate the remainder when 9837 is divided by 161.
16
What is the remainder when 9168 is divided by 85?
73
Calculate the remainder when 58239 is divided by 260.
259
What is the remainder when 17378 is divided by 689?
153
Calculate the remainder when 6040438 is divided by 1645.
1643
What is the remainder when 541757 is divided by 64?
61
Calculate the remainder when 19693 is divided by 5.
3
Calculate the remainder when 5106 is divided by 155.
146
What is the remainder when 16406 is divided by 96?
86
Calculate the remainder when 7151 is divided by 7059.
92
Calculate the remainder when 30149 is divided by 81.
17
What is the remainder when 13645 is divided by 1178?
687
Calculate the remainder when 9305 is divided by 4618.
69
Calculate the remainder when 487 is divided by 332.
155
Calculate the remainder when 8912 is divided by 2969.
5
What is the remainder when 51694 is divided by 6461?
6
What is the remainder when 64527 is divided by 54?
51
Calculate the remainder when 486 is divided by 156.
18
What is the remainder when 9664 is divided by 179?
177
What is the remainder when 109774 is divided by 233?
31
Calculate the remainder when 6368 is divided by 352.
32
What is the remainder when 39512 is divided by 7?
4
Calculate the remainder when 10325 is divided by 9.
2
What is the remainder when 511 is divided by 491?
20
What is the remainder when 34277 is divided by 1223?
33
Calculate the remainder when 198501 is divided by 115.
11
What is the remainder when 722 is divided by 712?
10
Calculate the remainder when 958 is divided by 468.
22
What is the remainder when 2568861 is divided by 36?
9
What is the remainder when 6845 is divided by 865?
790
What is the remainder when 151130 is divided by 6045?
5
Calculate the remainder when 31043 is divided by 119.
103
What is the remainder when 137150 is divided by 879?
26
Calculate the remainder when 1433 is divided by 291.
269
What is the remainder when 5352 is divided by 2?
0
Calculate the remainder when 28635 is divided by 95.
40
Calculate the remainder when 19493 is divided by 1392.
5
Calculate the remainder when 62037 is divided by 60.
57
Calculate the remainder when 50746 is divided by 50728.
18
Calculate the remainder when 11248 is divided by 388.
384
What is the remainder when 7541 is divided by 1881?
17
What is the remainder when 6627 is divided by 28?
19
Calculate the remainder when 1976 is divided by 127.
71
Calculate the remainder when 302 is divided by 127.
48
What is the remainder when 4460354 is divided by 9?
8
What is the remainder when 813304 is divided by 288?
280
Calculate the remainder when 824926 is divided by 218.
14
What is the remainder when 380 is divided by 190?
0
What is the remainder when 327866 is divided by 83?
16
What is the remainder when 13501 is divided by 265?
251
What is the remainder when 43588 is divided by 21786?
16
What is the remainder when 466281 is divided by 854?
851
What is the remainder when 1941 is divided by 147?
30
What is the remainder when 184730 is divided by 23090?
10
Calculate the remainder when 4806 is divided by 2374.
58
Calculate the remainder when 47488 is divided by 15820.
28
What is the remainder when 17030 is divided by 854?
804
Calculate the remainder when 5620 is divided by 5601.
19
Calculate the remainder when 78978 is divided by 9872.
2
What is the remainder when 8815 is divided by 231?
37
Calculate the remainder when 19678 is divided by 4890.
118
Calculate the remainder when 372 is divided by 302.
70
What is the remainder when 6845 is divided by 163?
162
What is the remainder when 46781 is divided by 473?
427
What is the remainder when 12253 is divided by 110?
43
What is the remainder when 2333 is divided by 3?
2
What is the remainder when 51709 is divided by 512?
509
Calculate the remainder when 111747 is divided by 25.
22
What is the remainder when 202438 is divided by 482?
480
Calculate the remainder when 1216222 is divided by 9.
7
What is the remainder when 112061 is divided by 252?
173
What is the remainder when 579985 is divided by 27?
25
What is the remainder when 3346 is divided by 1178?
990
Calculate the remainder when 72055 is divided by 35899.
257
What is the remainder when 14994 is divided by 264?
210
Calculate the remainder when 129769 is divided by 86.
81
Calculate the remainder when 12250 is divided by 516.
382
What is the remainder when 1141 is divided by 117?
88
What is the remainder when 1602 is divided by 169?
81
Calculate the remainder when 5840 is divided by 127.
125
What is the remainder when 945 is divided by 421?
103
What is the remainder when 20189 is divided by 237?
44
What is the remainder when 227505 is divided by 12?
9
What is the remainder when 380 is divided by 173?
34
Calculate the remainder when 16163 is divided by 188.
183
Calculate the remainder when 2233 is divided by 209.
143
What is the remainder when 2647 is divided by 8?
7
What is the remainder when 6266 is divided by 98?
92
Calculate the remainder when 3351 is divided by 75.
51
What is the remainder when 463253 is divided by 140?
133
Calculate the remainder when 3691 is divided by 3621.
70
Calculate the remainder when 16600 is divided by 383.
131
What is the remainder when 4301 is divided by 1337?
290
What is the remainder when 31184 is divided by 12?
8
What is the remainder when 3886 is divided by 584?
382
Calculate the remainder when 821605 is divided by 306.
301
What is the remainder when 42210 is divided by 2807?
105
What is the remainder when 182279 is divided by 13019?
13
Calculate the remainder when 1424 is divided by 455.
59
What is the remainder when 2986 is divided by 49?
46
What is the remainder when 25568 is divided by 536?
376
What is the remainder when 123445 is divided by 1187?
1184
What is the remainder when 57342 is divided by 4768?
126
Calculate the remainder when 2239 is divided by 618.
385
Calculate the remainder when 437 is divided by 325.
112
What is the remainder when 70763 is divided by 41?
38
What is the remainder when 3684 is divided by 1193?
105
Calculate the remainder when 31118 is divided by 149.
126
What is the remainder when 13801 is divided by 6246?
1309
What is the remainder when 4065 is divided by 437?
132
Calculate the remainder when 2539 is divided by 323.
278
Calculate the remainder when 4033 is divided by 86.
77
Calculate the remainder when 2538 is divided by 631.
14
What is the remainder when 6673 is divided by 5?
3
Calculate the remainder when 4028 is divided by 1281.
185
Calculate the remainder when 2264 is divided by 566.
0
Calculate the remainder when 7552 is divided by 158.
126
Calculate the remainder when 3840 is divided by 368.
160
Calculate the remainder when 536 is divided by 118.
64
What is the remainder when 40719 is divided by 20?
19
What is the remainder when 962 is divided by 36?
26
Calculate the remainder when 1986 is divided by 1917.
69
Calculate the remainder when 400516 is divided by 1655.
6
What is the remainder when 1785 is divided by 965?
820
What is the remainder when 49979 is divided by 294?
293
What is the remainder when 21737 is divided by 31?
6
What is the remainder when 4238535 is divided by 178?
177
Calculate the remainder when 1898 is divided by 948.
2
Calculate the remainder when 4517 is divided by 73.
64
Calculate the remainder when 32593 is divided by 17.
4
Calculate the remainder when 2194 is divided by 241.
25
What is the remainder when 74 is divided by 70?
4
What is the remainder when 171016 is divided by 19?
16
What is the remainder when 10793 is divided by 602?
559
Calculate the remainder when 7543 is divided by 222.
217
What is the remainder when 71831 is divided by 29?
27
What is the remainder when 25929 is divided by 2881?
0
What is the remainder when 2713093 is divided by 783?
781
Calculate the remainder when 131250 is divided by 329.
308
What is the remainder when 15567 is divided by 7742?
83
Calculate the remainder when 7170 is divided by 510.
30
What is the remainder when 1134 is divided by 54?
0
Calculate the remain